{"id":562,"date":"2025-03-04T20:12:09","date_gmt":"2025-03-04T18:12:09","guid":{"rendered":"https:\/\/christiankoehn.de\/?page_id=562"},"modified":"2025-03-12T11:59:44","modified_gmt":"2025-03-12T09:59:44","slug":"klavierduo-matthies-koehn","status":"publish","type":"page","link":"https:\/\/christiankoehn.de\/?page_id=562","title":{"rendered":"Klavierduo Matthies \/ K\u00f6hn"},"content":{"rendered":"\n<figure class=\"wp-block-image size-full\"><img loading=\"lazy\" decoding=\"async\" width=\"800\" height=\"531\" src=\"https:\/\/christiankoehn.de\/wp-content\/uploads\/2025\/03\/duo-klein.jpg\" alt=\"\" class=\"wp-image-563\" srcset=\"https:\/\/christiankoehn.de\/wp-content\/uploads\/2025\/03\/duo-klein.jpg 800w, https:\/\/christiankoehn.de\/wp-content\/uploads\/2025\/03\/duo-klein-300x199.jpg 300w, https:\/\/christiankoehn.de\/wp-content\/uploads\/2025\/03\/duo-klein-768x510.jpg 768w\" sizes=\"auto, (max-width: 767px) 89vw, (max-width: 1000px) 54vw, (max-width: 1071px) 543px, 580px\" \/><\/figure>\n\n\n\n<p><br>Im Jahr 1988 gr\u00fcndeten die beiden Pianisten Silke-Thora Matthies und Christian K\u00f6hn noch w\u00e4hrend ihrer Studienzeit bei Prof. Renate Kretschmar-Fischer an der Hochschule f\u00fcr Musik Detmold ein Klavierduo, welches bis heute besteht. Bereits ein Jahr nach der Gr\u00fcndung wurden sie Preistr\u00e4ger beim Deutschen Musikwettbewerb in Bonn und beim Wettbewerb des Kulturkreises im Bundesverband der Deutschen Industrie (BDI). 1992 folgte als H\u00f6hepunkt die Auszeichnung beim Internationalen ARD-Musikwettbewerb in M\u00fcnchen \u2013 als einzige deutsche Preistr\u00e4ger des gesamten Wettbewerbs. Die renommierte New-Yorker Musikzeitschrift \u201eFanfare\u201c bezeichnete das Duo als \u201eeines der gro\u00dfartigsten Klavierduos unserer Zeit\u201c. Ihr Repertoire umfasst mehr als dreihundert Kompositionen vom Barock bis zum 21. Jahrhundert. Sie spielten ausgedehnte Tourneen und wurden von vielen Rundfunkanstalten zu Studioproduktionen eingeladen. Mehrere zeitgen\u00f6ssische Komponisten wie Giselher Klebe, Martin Christoph Redel, Ulrich Leyendecker und Richard Heller schrieben f\u00fcr das Duo neue Werke, die von ihm uraufgef\u00fchrt wurden. Seit 1994 spielten sie f\u00fcr das Label Naxos \/ Marco Polo mehr als 20 CDs ein. Im November 2013 vollendeten sie die weltweit erste Gesamteinspielung s\u00e4mtlicher Werke f\u00fcr Klavierduo von Johannes Brahms. Die insgesamt 18 CDs beinhalten neben den Originalwerken (den Ungarischen T\u00e4nzen, den Schumann- und Haydn-Variationen und der Sonate f\u00fcr zwei Klaviere) auch s\u00e4mtliche eigenh\u00e4ndigen Arrangements des Komponisten f\u00fcr ein oder zwei Klaviere zu vier H\u00e4nden, darunter alle Orchesterwerke, die vollst\u00e4ndige Streicherkammermusik, die beiden ersten Klavierquartette, die beiden Klavierkonzerte, das Deutsche Requiem und das Triumphlied. Hinzu kommen Brahms\u2018 Arrangements fremder Kompositionen von Franz Schubert, Robert Schumann und Joseph Joachim. <\/p>\n\n\n\n<figure class=\"wp-block-embed is-type-video is-provider-youtube wp-block-embed-youtube wp-embed-aspect-16-9 wp-has-aspect-ratio\"><div class=\"wp-block-embed__wrapper\">\n<iframe loading=\"lazy\" title=\"The Most Important Recording Projects Ever (No. 35: Brahms&#039; Complete Music for Piano 4-Hands)\" width=\"525\" height=\"295\" src=\"https:\/\/www.youtube.com\/embed\/BGHNpfmQ_lA?list=PLAjIX596BriHV2ZFpHxSfFCkgsf608c_H\" frameborder=\"0\" allow=\"accelerometer; autoplay; clipboard-write; encrypted-media; gyroscope; picture-in-picture; web-share\" referrerpolicy=\"strict-origin-when-cross-origin\" allowfullscreen><\/iframe>\n<\/div><\/figure>\n\n\n\n<figure class=\"wp-block-embed is-type-video is-provider-youtube wp-block-embed-youtube wp-embed-aspect-16-9 wp-has-aspect-ratio\"><div class=\"wp-block-embed__wrapper\">\n<iframe loading=\"lazy\" title=\"Review: The Complete Brahms 4-Hand Piano Music (18 CDs Worth)!\" width=\"525\" height=\"295\" src=\"https:\/\/www.youtube.com\/embed\/YO2hxSsSpRw?feature=oembed\" frameborder=\"0\" allow=\"accelerometer; autoplay; clipboard-write; encrypted-media; gyroscope; picture-in-picture; web-share\" referrerpolicy=\"strict-origin-when-cross-origin\" allowfullscreen><\/iframe>\n<\/div><\/figure>\n\n\n\n<figure class=\"wp-block-embed is-type-video is-provider-youtube wp-block-embed-youtube wp-embed-aspect-16-9 wp-has-aspect-ratio\"><div class=\"wp-block-embed__wrapper\">\n<iframe loading=\"lazy\" title=\"Brahms: Sinfon\u00eda n\u00ba 3 a cuatro manos | Silke-Thora Matthies y Christian K\u00f6hn\" width=\"525\" height=\"295\" src=\"https:\/\/www.youtube.com\/embed\/4N4u2V1hcmI?feature=oembed\" frameborder=\"0\" allow=\"accelerometer; autoplay; clipboard-write; encrypted-media; gyroscope; picture-in-picture; web-share\" referrerpolicy=\"strict-origin-when-cross-origin\" allowfullscreen><\/iframe>\n<\/div><\/figure>\n","protected":false},"excerpt":{"rendered":"<p>Im Jahr 1988 gr\u00fcndeten die beiden Pianisten Silke-Thora Matthies und Christian K\u00f6hn noch w\u00e4hrend ihrer Studienzeit bei Prof. Renate Kretschmar-Fischer an der Hochschule f\u00fcr Musik Detmold ein Klavierduo, welches bis heute besteht. Bereits ein Jahr nach der Gr\u00fcndung wurden sie Preistr\u00e4ger beim Deutschen Musikwettbewerb in Bonn und beim Wettbewerb des Kulturkreises im Bundesverband der Deutschen &hellip; <\/p>\n<p class=\"link-more\"><a href=\"https:\/\/christiankoehn.de\/?page_id=562\" class=\"more-link\"><span class=\"screen-reader-text\">\u201eKlavierduo Matthies \/ K\u00f6hn\u201c <\/span>weiterlesen<\/a><\/p>\n","protected":false},"author":1,"featured_media":0,"parent":0,"menu_order":0,"comment_status":"closed","ping_status":"closed","template":"","meta":{"om_disable_all_campaigns":false,"_monsterinsights_skip_tracking":false,"_monsterinsights_sitenote_active":false,"_monsterinsights_sitenote_note":"","_monsterinsights_sitenote_category":0,"footnotes":"","_links_to":"","_links_to_target":""},"class_list":["post-562","page","type-page","status-publish","hentry"],"aioseo_notices":[],"_links":{"self":[{"href":"https:\/\/christiankoehn.de\/index.php?rest_route=\/wp\/v2\/pages\/562","targetHints":{"allow":["GET"]}}],"collection":[{"href":"https:\/\/christiankoehn.de\/index.php?rest_route=\/wp\/v2\/pages"}],"about":[{"href":"https:\/\/christiankoehn.de\/index.php?rest_route=\/wp\/v2\/types\/page"}],"author":[{"embeddable":true,"href":"https:\/\/christiankoehn.de\/index.php?rest_route=\/wp\/v2\/users\/1"}],"replies":[{"embeddable":true,"href":"https:\/\/christiankoehn.de\/index.php?rest_route=%2Fwp%2Fv2%2Fcomments&post=562"}],"version-history":[{"count":2,"href":"https:\/\/christiankoehn.de\/index.php?rest_route=\/wp\/v2\/pages\/562\/revisions"}],"predecessor-version":[{"id":569,"href":"https:\/\/christiankoehn.de\/index.php?rest_route=\/wp\/v2\/pages\/562\/revisions\/569"}],"wp:attachment":[{"href":"https:\/\/christiankoehn.de\/index.php?rest_route=%2Fwp%2Fv2%2Fmedia&parent=562"}],"curies":[{"name":"wp","href":"https:\/\/api.w.org\/{rel}","templated":true}]}}