{"id":396,"date":"2018-06-30T13:44:46","date_gmt":"2018-06-30T13:44:46","guid":{"rendered":"http:\/\/christiankoehn.de\/?page_id=396"},"modified":"2025-03-09T14:04:59","modified_gmt":"2025-03-09T12:04:59","slug":"eigene-aufnahmen","status":"publish","type":"page","link":"https:\/\/christiankoehn.de\/?page_id=396","title":{"rendered":"Aufnahmen"},"content":{"rendered":"<h3><a href=\"https:\/\/e.pcloud.link\/publink\/show?code=kZje5lZbdm8ej3InM8scnsSgdSQDj0flzdV\">Robert Schumann, Fantasie C-Dur, op. 17<\/a><\/h3>\n<h3><a href=\"https:\/\/e.pcloud.link\/publink\/show?code=VZ32wlZbHsBz14nm1fJV8rI9rLJyjQaPdDV\">Francis Poulenc, Sonate f\u00fcr Violine und Klavier<\/a><\/h3>\n<p>Konzertmitschnitt, mit <a href=\"http:\/\/maria-elisabeth-lott.com\/\">Maria-Elisabeth Lott, Violine<\/a><\/p>\n<h3><a href=\"https:\/\/e.pcloud.link\/publink\/show?code=kZqe5lZ2qkSd7RrzVFdL9R2WDJl38s0FTtk\">Giselher Klebe, Drei Romanzen op. 43<\/a><\/h3>\n<h3><a href=\"https:\/\/e.pcloud.link\/publink\/show?code=XZRWoxZafX5dlfUvDmDlnn48zhf5hXauJVk\">Camille Saint-Saens, Variationen \u00fcber ein Thema von Beethoven, op. 35, f\u00fcr zwei Klaviere<\/a><\/h3>\n<p>Konzertmitschnitt, Klavierduo Silke-Thora Matthies\/Christian K\u00f6hn<\/p>\n<h3><a href=\"https:\/\/e.pcloud.link\/publink\/show?code=XZ1WoxZO1fTzMD2DFythutiYXRBAmGEHAHk\">Witold Lutoslawski, Variationen \u00fcber ein Thema von Paganini f\u00fcr zwei Klaviere<\/a><\/h3>\n<p>Konzertmitschnitt, Klavierduo Silke-Thora Matthies\/Christian K\u00f6hn<\/p>\n<h3><a href=\"https:\/\/e.pcloud.link\/publink\/show?code=VZBn5lZXi4f72PpCQppe32ABKzmBJzmwPgy\">Wolfgang Amad\u00e9 Mozart, Sonate G-Dur, KV 283, mit hinzukomponiertem 2. Klavier von Edvard Grieg<\/a><\/h3>\n<p>Konzertmitschnitt, Klavierduo Silke-Thora Matthies\/Christian K\u00f6hn<\/p>\n<h3><a href=\"https:\/\/e.pcloud.link\/publink\/show?code=kZETJlZ2jzx0Wh9XD4XhDpMrnWhQVKaMWYV\">Erwin Schulhoff, Ironien f\u00fcr Klavier zu vier H\u00e4nden<\/a><\/h3>\n<p>Klavierduo Silke-Thora Matthies\/Christian K\u00f6hn<\/p>\n<h3><a href=\"https:\/\/e.pcloud.link\/publink\/show?code=kZNn5lZclqhnVXg5FVyuHvSw1gpGVyLPCiV\">Gy\u00f6rgy Ligeti, Werke f\u00fcr Klavier zu vier H\u00e4nden<\/a><\/h3>\n<p>Klavierduo Silke-Thora Matthies\/Christian K\u00f6hn<\/p>\n<h3>Johannes Brahms, Streichsextett B-Dur, op. 18, 2. Satz Andante ma moderato<\/h3>\n<p><iframe loading=\"lazy\" title=\"Brahms, Streichsextett op. 18, Klavierduo Matthies\/K\u00f6hn\" width=\"525\" height=\"295\" src=\"https:\/\/www.youtube.com\/embed\/GFMgb6bv5E0?feature=oembed\" frameborder=\"0\" allow=\"accelerometer; autoplay; clipboard-write; encrypted-media; gyroscope; picture-in-picture; web-share\" referrerpolicy=\"strict-origin-when-cross-origin\" allowfullscreen><\/iframe><\/p>\n","protected":false},"excerpt":{"rendered":"<p>Robert Schumann, Fantasie C-Dur, op. 17 Francis Poulenc, Sonate f\u00fcr Violine und Klavier Konzertmitschnitt, mit Maria-Elisabeth Lott, Violine Giselher Klebe, Drei Romanzen op. 43 Camille Saint-Saens, Variationen \u00fcber ein Thema von Beethoven, op. 35, f\u00fcr zwei Klaviere Konzertmitschnitt, Klavierduo Silke-Thora Matthies\/Christian K\u00f6hn Witold Lutoslawski, Variationen \u00fcber ein Thema von Paganini f\u00fcr zwei Klaviere Konzertmitschnitt, Klavierduo &hellip; <\/p>\n<p class=\"link-more\"><a href=\"https:\/\/christiankoehn.de\/?page_id=396\" class=\"more-link\"><span class=\"screen-reader-text\">\u201eAufnahmen\u201c <\/span>weiterlesen<\/a><\/p>\n","protected":false},"author":1,"featured_media":0,"parent":0,"menu_order":0,"comment_status":"closed","ping_status":"closed","template":"","meta":{"om_disable_all_campaigns":false,"_monsterinsights_skip_tracking":false,"_monsterinsights_sitenote_active":false,"_monsterinsights_sitenote_note":"","_monsterinsights_sitenote_category":0,"footnotes":"","_links_to":"","_links_to_target":""},"class_list":["post-396","page","type-page","status-publish","hentry"],"aioseo_notices":[],"_links":{"self":[{"href":"https:\/\/christiankoehn.de\/index.php?rest_route=\/wp\/v2\/pages\/396","targetHints":{"allow":["GET"]}}],"collection":[{"href":"https:\/\/christiankoehn.de\/index.php?rest_route=\/wp\/v2\/pages"}],"about":[{"href":"https:\/\/christiankoehn.de\/index.php?rest_route=\/wp\/v2\/types\/page"}],"author":[{"embeddable":true,"href":"https:\/\/christiankoehn.de\/index.php?rest_route=\/wp\/v2\/users\/1"}],"replies":[{"embeddable":true,"href":"https:\/\/christiankoehn.de\/index.php?rest_route=%2Fwp%2Fv2%2Fcomments&post=396"}],"version-history":[{"count":11,"href":"https:\/\/christiankoehn.de\/index.php?rest_route=\/wp\/v2\/pages\/396\/revisions"}],"predecessor-version":[{"id":568,"href":"https:\/\/christiankoehn.de\/index.php?rest_route=\/wp\/v2\/pages\/396\/revisions\/568"}],"wp:attachment":[{"href":"https:\/\/christiankoehn.de\/index.php?rest_route=%2Fwp%2Fv2%2Fmedia&parent=396"}],"curies":[{"name":"wp","href":"https:\/\/api.w.org\/{rel}","templated":true}]}}

<h3><a href="https://e.pcloud.link/publink/show?code=kZje5lZbdm8ej3InM8scnsSgdSQDj0flzdV">Robert Schumann, Fantasie C-Dur, op. 17</a></h3>
<h3><a href="https://e.pcloud.link/publink/show?code=VZ32wlZbHsBz14nm1fJV8rI9rLJyjQaPdDV">Francis Poulenc, Sonate für Violine und Klavier</a></h3>
<p>Konzertmitschnitt, mit <a href="http://maria-elisabeth-lott.com/">Maria-Elisabeth Lott, Violine</a></p>
<h3><a href="https://e.pcloud.link/publink/show?code=kZqe5lZ2qkSd7RrzVFdL9R2WDJl38s0FTtk">Giselher Klebe, Drei Romanzen op. 43</a></h3>
<h3><a href="https://e.pcloud.link/publink/show?code=XZRWoxZafX5dlfUvDmDlnn48zhf5hXauJVk">Camille Saint-Saens, Variationen über ein Thema von Beethoven, op. 35, für zwei Klaviere</a></h3>
<p>Konzertmitschnitt, Klavierduo Silke-Thora Matthies/Christian Köhn</p>
<h3><a href="https://e.pcloud.link/publink/show?code=XZ1WoxZO1fTzMD2DFythutiYXRBAmGEHAHk">Witold Lutoslawski, Variationen über ein Thema von Paganini für zwei Klaviere</a></h3>
<p>Konzertmitschnitt, Klavierduo Silke-Thora Matthies/Christian Köhn</p>
<h3><a href="https://e.pcloud.link/publink/show?code=VZBn5lZXi4f72PpCQppe32ABKzmBJzmwPgy">Wolfgang Amadé Mozart, Sonate G-Dur, KV 283, mit hinzukomponiertem 2. Klavier von Edvard Grieg</a></h3>
<p>Konzertmitschnitt, Klavierduo Silke-Thora Matthies/Christian Köhn</p>
<h3><a href="https://e.pcloud.link/publink/show?code=kZETJlZ2jzx0Wh9XD4XhDpMrnWhQVKaMWYV">Erwin Schulhoff, Ironien für Klavier zu vier Händen</a></h3>
<p>Klavierduo Silke-Thora Matthies/Christian Köhn</p>
<h3><a href="https://e.pcloud.link/publink/show?code=kZNn5lZclqhnVXg5FVyuHvSw1gpGVyLPCiV">György Ligeti, Werke für Klavier zu vier Händen</a></h3>
<p>Klavierduo Silke-Thora Matthies/Christian Köhn</p>
<h3>Johannes Brahms, Streichsextett B-Dur, op. 18, 2. Satz Andante ma moderato</h3>
<p><iframe loading="lazy" title="Brahms, Streichsextett op. 18, Klavierduo Matthies/Köhn" width="525" height="295" src="https://www.youtube.com/embed/GFMgb6bv5E0?feature=oembed" frameborder="0" allow="accelerometer; autoplay; clipboard-write; encrypted-media; gyroscope; picture-in-picture; web-share" referrerpolicy="strict-origin-when-cross-origin" allowfullscreen></iframe></p>

<p>Robert Schumann, Fantasie C-Dur, op. 17 Francis Poulenc, Sonate für Violine und Klavier Konzertmitschnitt, mit Maria-Elisabeth Lott, Violine Giselher Klebe, Drei Romanzen op. 43 Camille Saint-Saens, Variationen über ein Thema von Beethoven, op. 35, für zwei Klaviere Konzertmitschnitt, Klavierduo Silke-Thora Matthies/Christian Köhn Witold Lutoslawski, Variationen über ein Thema von Paganini für zwei Klaviere Konzertmitschnitt, Klavierduo &hellip; </p>
<p class="link-more"><a href="https://christiankoehn.de/?page_id=396" class="more-link"><span class="screen-reader-text">„Aufnahmen“ </span>weiterlesen</a></p>
